2 - (1 - 76 - (62 + -85))?
51
-10 + (79 - (48 + -100))
121
What is the value of (-93 - -91) + (49 - -1)?
48
What is the value of (3 - 11 - (12 + -19)) + (-4 + 5 - -33)?
33
Evaluate 8732 + -8597 + (-1 - (10 - (-1 + 2))) + -9.
116
What is -55 + (45 - 42 - (2 - -3) - 6)?
-63
What is the value of -1940 + 1970 - (-21 - -1)?
50
(-8 - 38 - (-182 - -158)) + (-15 - 1)
-38
What is the value of -2 + 58 + 21 + -16 + -1 + -4?
56
What is -53 + -146 + 107 - 4?
-96
11 - (-21 + -17) - 67
-18
Evaluate 2 + (-187 + -18 - -159).
-44
Calculate -3 - 1 - (-65 + 26 + 17).
18
What is the value of (21 + -65 - 29) + 58?
-15
(-42 - 0) + 1682 + -1670
-30
What is (-20 - (-12 + (2 - -4) + 6)) + 117 + -104?
-7
Calculate (41 - 18 - (-16 - -37)) + (-10 - (2 - 4)).
-6
Evaluate -5 + (18 - 0) + (-140 - -127).
0
What is -63 + (-67 - (-65 - 61))?
-4
12 - (65 - (-22 - (-2 + -11 - -4) - 0))
-66
What is the value of -2 + 5 + 10 + -11 + -18?
-16
What is the value of 11 - 2 - (-5 - (38 - (-5 - -17)))?
40
What is 4 - (3 - (5 - 0)) - (15 + (-9 - 31))?
31
47 + (34 - 1) - 82
-2
What is (1 - 1) + 23 - (805 - 757)?
-25
Evaluate 12 - -18 - 6 - (19 + 6).
-1
Calculate -20 - (6 + 13 + -17 + -62).
40
What is (141 - (21 - -154)) + -21 + -1?
-56
Evaluate 324 - (80 + 24) - 134.
86
Calculate 122 + (169 + -43 - 244).
4
Evaluate -67 + 59 + -12 + 1 + -29.
-48
Evaluate 2 - -25 - ((43 - 26) + -23 + 2).
31
-34 - ((-22 + -28 - -73) + -31 + 4)
-30
What is the value of -13 + (58 - (-51 - -133))?
-37
Evaluate 1 + 8 + (-177 - -119) + 10.
-39
Calculate -4 + (-4 - ((-3 - 4) + 3 - -9) - -42).
29
Evaluate 19 + (0 + -39 - -65) + -54.
-9
91 + 1 + -1 - ((47 - 4) + (-51 - 6))
105
Evaluate (-20 + 24 - (-2 - (5 + (7 - 11)))) + 35.
42
39 + -11 - (-70 + 11 + 12)
75
What is -88 + (11 - -76) + 68?
67
Calculate -53 + 8 + (-34 - -17) + 19 + 0 + -5.
-48
Calculate 3438 + -3456 - (2 + -26).
6
What is 6 + (2 - 10) + (27 - ((11 - -2) + -8))?
20
Calculate (23 - 3) + (-4 - 0) + -20.
-4
What is 37 + -4 + (4 - 15) + (7 - (-18 + 4))?
43
0 - (-33 - -15 - -18) - 6
-6
Evaluate 0 + -7 + (-22 - (-3 + -133)) + -10 + -1.
96
Evaluate -19 + 22 + 21 + (9 - (2 - -7)).
24
Evaluate (-446 - -440) + (-8 + 5 + 8 - (1 + 83)).
-85
Calculate (14 - -8) + -48 + (-4 - 9).
-39
What is the value of (16 + -18 - 24) + 26 - (18 + 1)?
-19
Evaluate (1 - 9) + (12 - (22 - 15)) - (-26 - -14).
9
What is the value of -12 - (-13 - -53 - (7 + 3) - (-1 - -4))?
-39
What is the value of -23 - ((-34 - 57) + 27)?
41
Calculate (29 - 0) + (-37 + -136 - -119).
-25
(8 - (3 + -1)) + (-312 - -262)
-44
What is the value of -10 - (2 + (48 - 36))?
-24
-12 - -2 - (-14 + 12 + 0 + (-5 - -10))
-13
What is the value of 8 - (380 + -316 - (0 + -1 - 0 - -13))?
-44
Calculate 9 + (-2 - 22 - (15 + -7)) - -10.
-13
What is the value of (52 - 30 - -25) + -34 - (-5 + 51)?
-33
What is 10 + 1 - (-2 + 21 + -2 + 24 + -32)?
2
Calculate 19 - (0 - -57) - (3 + -10 - 0).
-31
Evaluate 2 + 10 + 407 + -374.
45
72 + -9 - -31 - 58
36
What is the value of 17 + 8 + -12 + -11 + 27?
29
What is the value of (-24 - -12 - (1 + 9)) + (-3 - 7) + 5?
-27
-16 + (6 - (-1 + -11 + 51 + -27 + -17))
-5
Calculate -8 + (-46 - -28) + (6 - 4).
-24
Calculate -1 + 8 + 99 + -105 + (-7 - -6 - -5).
5
What is the value of 136 - (54 - -64 - 39)?
57
What is 15 + (0 + 9 + 2 - (74 - -20))?
-68
(710 - 694) + (8 - -1) - (0 + 5)
20
42 - (-13 + 10 + (3 - (14 + -16)))
40
Evaluate -100 + (59 + 8 - -84).
51
What is the value of 17 + (16 - (-11 + (-4 + -22 - -1)))?
69
What is -2 + 58 - (20 + -1 + (-42 - (-40 - -17)))?
56
Calculate 4 + 3 + 156 - ((205 - 200) + 0 + 3).
155
(-3 - (74 + -11 - -4)) + (-10 - 4)
-84
Calculate (5 - 0 - -5) + 3 + (36 - -41).
90
Calculate 113 + -166 - (21 - 185).
111
-39 - (-18 + 29 + -13 - 15)
-22
What is the value of 59 + (21 + 1 - (96 - 58))?
43
Calculate (165 - 38) + (-1 - 49).
77
What is the value of -2014 + 1986 - (-3 - 87)?
62
What is -58 + 22 - -24 - (79 + -4 + 1)?
-88
What is the value of (4 - 25) + (38 - 57 - -33) - (-1 + -43)?
37
Evaluate 43 - (-27 - (8 - 14) - -16).
48
What is the value of 1 - (8 + -2 + -6 + 0 + 39 + -37)?
-1
Evaluate 126 - 149 - -2 - -41.
20
Evaluate (-28 + (-31 - 59) - (-8 - -18)) + 20.
-108
Evaluate (12 - 19 - -15) + -10 + 10 + 6.
14
Calculate 4 + -14 - (-25 + (-27 - -19)).
23
Calculate -11 - ((4 - (8 - -3 - 1)) + -3).
-2
Evaluate -11 + -22 + -57 + 5 + 6 + -5.
-84
10 + (-12 - ((0 - 44) + 2 + 4) - -1)
37
-2 + -24 + 16 + -6 - -149 - 0
133
Evaluate 57 + (14 - ((-14 - -17) + 20)) + 21 + -1.
68
What is the value of -48 + (-2 - -17) + 15 - -54?
36
Calculate -57 - ((-1 - 6) + 10 + -1 + -11 - -4).
-52
Evaluate (-2 - -2 - -36) + -3 - (41 - (5 - -28)).
25
Evaluate (-12 - (38 - 62) - 15 - (-12 + 0)) + -64.
-55
What is (-78247 - -78227) + (-83 - (1 + -2 - 1))?
-101
Calculate 44 + 63 + -24 + -20 + -10 + (7 - -1).
61
What is the value of 119 + (0 - 3) + 6 + -7 - (4144 + -4145)?
116
What is 72 + 47 + -78 + (0 - -2) - (-1 - 1)?
45
What is -45 + 28 + -6 + 60?
37
What is (-21 + 17 - (9 - -4)) + 9 + 71?
63
What is (14 - 12) + -1 + 36?
37
What is the value of 30 + -11 - (51 + (5 - 12))?
-25
-27 - (-1 - (-6 + 0 + 4) - (33 + -27))
-22
8 - (1 - 1) - (1317 + -1323 + -13 + 0)
27
Evaluate 19 + (16 + -21 - 20) + -27 + 3.
-30
What is (-78 - (1 + -1 + 2 + -615 + 608)) + -7?
-80
Evaluate 16 + 12 + (-50 - (1 - 20)).
-3
What is -1 + (-1 - -4) + -270 + 249?
-19
20 - 0 - (6934 + -6909)
-5
-222 + 280 + -85 + -81
-108
Calculate 12 + 7 - 48 - -75 - (0 - -1).
45
(-30 - -5) + 18 + (7 - 3 - -2) + -95
-96
-45 + (-8 - -31) + -10 + 24
-8
Evaluate -15 + -26 + 1 + 9 + -24 + 11.
-44
What is the value of -14 - (-5 - (-17 - -10 - -66))?
50
(7 - (-9 - -7 - -14)) + -44 + 13 + -3
-39
Calculate 52 + -68 - (7 + -3 + 1 + 8).
-29
What is the value of 1131 + -1132 - (-2 + 0 + 1 - -85)?
-85
28 + (-16 - (-14 + -18 - -20))
24
What is 74 + 53 + -31 + -29 + 18?
85
Calculate (151 - (96 - 16)) + -75.
-4
Calculate (-1970 - -1940) + (1 - (0 - (-14 - 1))).
-44
82 + (-9 + 24 + -16 - (-32 - -15 - -3))
95
Calculate (-82 + 0 - (-1 + -57 + 63)) + (10 - 2).
-79
What is the value of (22 - 43) + 34 + (-4 - -6) + -59?
-44
What is the value of -74 + (15 - (-25 - 15))?
-19
What is 31 - (-26 - (12 + -20 + -3))?
46
What is 1 + 114 - (-8373 + 8558)?
-70
What is the value of 5 - (176 + -171 + -22 + -2 + 0)?
24
What is the value of -20 + 8 + 42 - (-1 + 8)?
23
Evaluate -38 - (-2 - (-54 + 50) - (-21 + 1)).
-60
What is the value of 0 - 1 - (-157 + 2) - (69811 + -69789)?
132
-52 + 73 + -5 - (-1 - -10)
7
Calculate 17 + -3 + (53 - (-42 + 74)).
35
Evaluate 29 + (3 - (-1 - -2) - (25 - (-38 - -55))).
23
-15 - ((4 + -64 - -46) + (0 - -15))
-16
(52 - -1) + -379 + 291
-35
What is the value of -27 + 16 - (5 + -7 + 31)?
-40
(-9 + 42 - -68) + -11 + -3 + 2
89
What is 99 + 153 + -186 - 115?
-49
What is 19 + (-4 + -1 - (9 - 6 - -80))?
-69
What is -99 + -61 + 176 + 53?
69
-109 - (12 + 74 - 165)
-30
(19 - (-16 - (-18 - -6)) - -3) + -3
23
28 + (141 + -4 - -20) + -25 - (11 - -2)
147
(-5 - -69) + (-735 - -705)
34
What is the value of 3 - (35 - -6) - (358 - 304)?
-92
What is 0 - 0 - (-3 + (4 - -27) - 34)?
6
Calculate (-3 - -1) + (-7 - -8 - -11) + -15.
-5
Evaluate -79 + -48 + 67 - -126.
66
What is the value of -51 + (201 - 167) + (109 - -3)?
95
Evaluate 47 - 68 - 29 - (2 - 33).
-19
What is (42 - (5 + 7) - (-1 + -2)) + (9 - -2)?
44
What is (122 - -125) + -205 - (0 + -5)?
47
Calculate 3 - (-15 + (-4 + 1 - (51 - 64))).
8
Evaluate (-2456 - -2591) + -2 + -70.
63
What is -3489 + 3499 + 2 + (0 - -33)?
45
Calculate -19 - (62 - (60 - 3)).
-24
Evaluate (-22 - (-25 + 37)) + 38.
4
74 + -116 + 40 - (0 - (-1 + -95))
-98
Evaluate (-64 - -103) + -122 - -16.
-67
Evaluate (22 + 6 - 3) + 151 + -165.
11
What is the value of (-14 - -1) + 27 - 5?
9
Calculate -62 - -3 - (-54 - -32 - -19).
-56
Calculate 18 - (8 - (5 - (-14 - -19 - 11))).
21
Calculate 7 + (-19 - ((11 + -1 + -7 - -8) + -11)).
-12
(-54 - -17 - -110) + 6 + 1 + 7 + -1
86
-2 + (53 - (-2 + 4)) + 1029 + -1031
47
What is the value of 87 + 52 + -98 - 87?
-46
38 - 2 - ((29 - 18) + -30)
55
What is the value of -36 + (128 - (-38 + 74)) + -4?
52
7 - (18 - (5 - -7)) - (-5 + (-1 - 58))
65
Evaluate 47 - (41 + -39) - (-6 + -2 + 4).
49
Calculate -27 + 33 + (15 - (-98 - -3 - -10)).
106
-13 + 18 + -3 + 4 + 8 + -6 + 42
50
(-7 - -21 - 10) + (2 - 5) - (1 - 60)
60
Evaluate 52 - (-